 - 11)?
5
Suppose 3*c - c - 852 = 5*f, -5*f = 5*c - 2095. What is the tens digit of c?
2
Let v = 25 - 16. Let q = -8 + v. Let o = 5 - q. What is the units digit of o?
4
Suppose -6*b = -77 + 5. What is the tens digit of (-5 + 68/b)*(380 - -1)?
5
Suppose -5 = -3*c - 11. Let x be 14/35 - c/(-5). Let u(k) = -k + 10. What is the units digit of u(x)?
0
Let l = 788 + -317. What is the tens digit of l?
7
What is the units digit of 7197/8 - (-153)/408?
0
Let p = -101 - -185. Let x(s) = -s**3 + 5*s**2 + 2*s - 6. Let t be x(5). Suppose t*l + 0*w - 84 = w, 4*l - 2*w = p. What is the units digit of l?
1
Let k = 14 - 12. Let f = k - 2. Suppose f = z - 4 - 11. What is the tens digit of z?
1
Let o(k) be the first derivative of k**3 - 3*k**2 + 6*k + 2. What is the units digit of o(3)?
5
Suppose -10*s + 9365 = -27875. What is the thousands digit of s?
3
Suppose -231 - 483 = -2*i + 2*k, 0 = k + 1. What is the tens digit of i?
5
Let b = -29 - -29. Suppose w + b*w = 30. What is the tens digit of w?
3
Let c(r) = -19 + 9*r - r - 3*r + 6*r. What is the tens digit of c(6)?
4
Let r = -47 - -50. Suppose 2*l - b = l + 117, r*b + 466 = 4*l. What is the hundreds digit of l?
1
Let n(d) = -14*d - 7. Let g be n(-6). Suppose -g - 53 = -j. What is the units digit of j?
0
Let l(g) = -3*g - 4. Let u be l(-6). Let i = 16 - u. Suppose -i*h + 2 = v, 0 = v - 8*h + 5*h - 17. What is the units digit of v?
8
Let b be 108/11 + (-4)/(-22). Let u(j) = -j + 15. Let c be u(b). Suppose 55 = 5*a - 5*t, 67 = 4*a + c*t - 4. What is the tens digit of a?
1
Let k(l) = -29*l + 114. What is the tens digit of k(-17)?
0
Let g = 5 - 2. Let u(y) = 5*y**2 + 3 - g*y - 4*y**2 - 5*y**2 + 5*y**2. What is the units digit of u(5)?
3
Suppose -19560 = -29*a + 23*a. What is the hundreds digit of a?
2
Suppose 5*q = -0*q + 35. Let c be (2 + q)*1/3. Suppose 0 = -4*f + c*g + 146, 3*f - 5*g = 56 + 59. What is the tens digit of f?
3
Let s(p) = -p**2 - 8*p + 20. Let v be s(-9). Suppose -1285 = v*f - 16*f. What is the tens digit of f?
5
Let c(i) be the first derivative of -19*i**2/2 - i + 16. What is the tens digit of c(-1)?
1
Suppose -20660 - 33576 = -13*t. What is the units digit of t?
2
Suppose 9 - 1 = t. Let f be (-81)/(-15) + t/(-20). Suppose 3*g + f*r - 104 = 0, -5*g - 4*r + 182 = -0*g. What is the tens digit of g?
3
Let n be 74/4 + 3/2 + -2. Suppose -13*m - 1235 = -n*m. What is the hundreds digit of m?
2
Let k be (4252/18 - -1) + 36/(-162). Let g = -93 + k. What is the tens digit of g?
4
Let x(j) = j**2 - 8*j - 21. Let b be x(9). Let g = 25 + b. What is the units digit of g?
3
Suppose -3*i + 3*r + 543 = 0, 2*r - 10 - 174 = -i. Suppose -5*k + 6*k = i. What is the hundreds digit of k?
1
Let q(v) = 1039*v - 258. What is the hundreds digit of q(3)?
8
Let o = -2715 - -4496. What is the hundreds digit of o?
7
Let n = -1217 - -3189. What is the thousands digit of n?
1
Let a(i) = -i**3 - 14*i**2 - 10*i + 32. Let k be a(-13). Let m(s) = -28*s - 30. What is the tens digit of m(k)?
6
Let m(j) = 720*j**2 + 33*j - 5. What is the thousands digit of m(2)?
2
Suppose -3*k + 55 = -5*l, -3*k + 2*l = -50 + 1. Let t = 127 - k. What is the units digit of t?
2
What is the thousands digit of 51 + -55 + 2279 + 2?
2
Let m(j) = 13*j**2 - 15*j + 7. What is the thousands digit of m(-9)?
1
Suppose -2*x = 3*u - 4*u + 12, -5*x = -3*u + 37. Let t be (-49)/(-28) + 3/(-4). Let l = u - t. What is the units digit of l?
3
Let k be (0 + -2)/(12/834). Let t = k - -89. What is the tens digit of (-5 - -1 - t) + -3?
4
Let m = 22 + -24. What is the hundreds digit of (6*(-35 + m) - 0)/(-2)?
1
Let d(c) be the first derivative of c**4/4 - 5*c**3/3 - 2*c - 2. Let p be d(5). What is the units digit of 80/28*(-7)/p?
0
Suppose -4*r = -5*g + 3790, 0 = 3*g + r - 1027 - 1230. What is the hundreds digit of g?
7
What is the tens digit of (-4 - -203)/(1/2)?
9
Let h be 1*(2 + (6/(-2))/(-3)). Suppose h*n + 5*c - 15 - 13 = 0, -5*n + 3*c = -58. What is the tens digit of n?
1
Suppose -69*j + 52*j = -20162. What is the tens digit of j?
8
Let p be 0*((-3)/(6/4) + 1). Suppose p = -0*l + l - 35. What is the tens digit of l?
3
What is the tens digit of 6/(-9)*(-2 - (-3395)/(-14))?
6
Let f = 17 + -14. Let s(t) = 7 - t**f - 10*t**2 + 9 + 8*t + 3*t. What is the tens digit of s(-11)?
1
Let p(s) = 3*s**3 - 10*s**2 + 14*s - 118. What is the tens digit of p(7)?
1
Let b be 15 - 11 - -2*1. Suppose -38 = -4*i + 2*r, -r = -i - b*r - 7. What is the units digit of i?
8
What is the units digit of (-9194)/(-14) + 8/28 - -5?
2
Let v = -644 + 3876. What is the thousands digit of v?
3
What is the units digit of ((-1)/1)/8 + 19556/32?
1
Suppose -z + 4*x + 5 = -1, 2*x + 58 = -5*z. Let i(y) = -y**3 - 9*y**2 - 12*y + 10. Let s be i(z). Suppose 4*q = -q + s. What is the tens digit of q?
4
Let l = -37 - -63. Let x = l - 26. Suppose -2*y - 2*j = -j - 32, x = 3*j - 12. What is the units digit of y?
4
Let q(k) = -k**2 + 15*k + 91. What is the tens digit of q(15)?
9
What is the hundreds digit of ((-98)/21)/((-2)/270)?
6
Let m = 649 - -3500. What is the tens digit of m?
4
Suppose 784 = 4*b - 420. Let n = -168 + b. What is the tens digit of n?
3
What is the units digit of (-1116)/24*8/(-6)?
2
Let h(s) = 2*s**2 - 14*s - 5. Let w be h(8). Suppose -608 = 3*g - w*g. What is the tens digit of g?
7
Let s(b) = b**2 - 3*b + 1. Let k be s(2). Let n(y) = -3*y + 1. Let q be n(k). What is the tens digit of 86/q - (-4)/8?
2
Let i(s) = -1229*s - 47. What is the units digit of i(-4)?
9
Let g = -14 + 14. What is the units digit of g - (4 + (-184)/2)?
8
Suppose 3*v - 103 = 56. Suppose 4*c = 3*k + 37, -5*c - 2*k - k + v = 0. What is the units digit of 4/c - (-2486)/110?
3
Let s(c) = -c**2 + 4*c. Let d(i) = -3*i**2 + 7*i. Let p(f) = -3*d(f) + 5*s(f). Let m be p(3). Suppose -5*x + 4*x = -m. What is the tens digit of x?
3
Suppose 5161 = 8*c - 16335. What is the thousands digit of c?
2
Let g(s) = -17*s + 52. Let v be g(2). Let r = 21 + -14. Let k = r + v. What is the units digit of k?
5
Let v(s) be the second derivative of s**7/420 + s**5/120 - s**4/12 + 7*s**3/6 + 3*s. Let o(j) be the second derivative of v(j). What is the tens digit of o(2)?
1
Let q = 0 - -18. Suppose -2*d = 8*d - 100. Let x = q + d. What is the tens digit of x?
2
Let p = 463 + -243. Suppose -p = -z - 3*z. What is the tens digit of z?
5
Suppose 4*j + 13 = 69. Suppose -j = -s - 10. What is the units digit of s?
4
Let d be 6/21 - 376/(-7). Let i = d - 34. What is the units digit of 86/10 + 8/i?
9
Suppose u - 4*o - 81 - 10 = 0, -4*o = u - 75. What is the units digit of u?
3
Let g(p) = p**2 - 4*p - 19. Let v be g(12). Suppose 0 = 5*i + 5, -2*z + 74 + v = 3*i. What is the units digit of z?
7
Let q = -26 - -24. What is the hundreds digit of ((-160)/(-6))/(q/(-12))?
1
Let t(a) = a**2 - 7*a + 5. Let n(x) = -4*x**2 + 28*x - 20. Let s(w) = -2*n(w) - 9*t(w). What is the units digit of s(5)?
5
Suppose 4*o = 2*d + 6384, -4*d - 7965 = -5*o - 9*d. What is the tens digit of o?
9
Let l(g) = 19*g**2 - 54*g + 11. What is the units digit of l(7)?
4
Let a(d) = d + 2. Suppose -18 = y - 3*n, -y = n + 3*n - 10. Let w be (-26)/(-4) + y/(-12). What is the units digit of a(w)?
9
Let z be (2 + (-18)/8)*4. Let d(p) = -66*p**2 - p. Let b be d(z). What is the tens digit of (b/(-26))/(1/14)?
3
Let t be -4*1 - (3 + 0 + -8). Let n(y) = 145*y + 3. What is the hundreds digit of n(t)?
1
Let n be (-22)/(-6) + -3*20/(-45). Suppose -n*v + y + 52 = -3*v, 77 = 3*v - y. What is the tens digit of v?
2
Let z = 44 - 24. Suppose 0 = -5*u - 0*u - z. What is the units digit of (-115)/u + (-2)/(-8)?
9
Suppose 2*u - 5*x = 435, 11*u - 7*u - 849 = 3*x. What is the hundreds digit of u?
2
Let z = 5849 - 3145. What is the thousands digit of z?
2
Let o(r) = -34*r + 18. Let g be o(-4). Suppose -5*c + 93 = -5*n - 702, c - g = -4*n. What is the hundreds digit of c?
1
Let l(v) = -v**2 + 3*v + 4. Let m be l(-6). Let p = m + 87. What is the tens digit of p?
3
Suppose 8*l = 3*l - 5, -h - 4*l = -490. Let k = h - 229. What is the units digit of k?
5
Let z(j) be the second derivative of -j**4/12 + 14*j**3/3 - 31*j**2/2 + 45*j. What is the hundreds digit of z(18)?
1
Suppose -14 = -2*h - 2*m, 0*m - 5*m = h + 1. Let g = 49 + -61. Let j = h - g. What is the tens digit of j?
2
Let f = 62 - 116. Let d be 9/((-9)/(-80)) - -1. Let 